-6?
202
In base 2, what is -10100110 + -100?
-10101010
In base 5, what is 14 + -24?
-10
In base 6, what is 45 - -2?
51
In base 12, what is -11 - -128?
117
In base 11, what is 1 + 400?
401
In base 13, what is -3 - -11?
b
In base 9, what is -5 - 1415?
-1421
In base 15, what is -142e + 5?
-1429
In base 16, what is 4 + -14e?
-14a
In base 6, what is -1 - -2202?
2201
In base 13, what is -4 + -2a?
-31
In base 11, what is 1 - 5a5?
-5a4
In base 2, what is -11 - 1100100110?
-1100101001
In base 6, what is -44154 - 4?
-44202
In base 13, what is 8 + 32?
3a
In base 5, what is 20 - -12020?
12040
In base 10, what is -18 + -14?
-32
In base 7, what is 15 + 20?
35
In base 3, what is -110 + 22?
-11
In base 4, what is 11 + -1322?
-1311
In base 9, what is -11030 - 0?
-11030
In base 16, what is -2 - 16?
-18
In base 6, what is 53 + 124?
221
In base 10, what is 1 - -427?
428
In base 6, what is 5 + 354?
403
In base 3, what is -11201 + 20?
-11111
In base 13, what is -5 + -1584?
-1589
In base 15, what is 5 - 1a?
-15
In base 9, what is -22856 + -4?
-22861
In base 3, what is -1212010 - 1?
-1212011
In base 2, what is 100001010 - -101?
100001111
In base 10, what is 13 + 8?
21
In base 12, what is 1 + -62?
-61
In base 16, what is 33 - 5?
2e
In base 12, what is 6 - 43?
-39
In base 7, what is -1556 + 5?
-1551
In base 8, what is 4 - -125?
131
In base 14, what is -134 + -3?
-137
In base 9, what is -144 + 1?
-143
In base 14, what is -d0 - -1?
-cd
In base 10, what is 1 - -37?
38
In base 16, what is -29 - 1f2?
-21b
In base 16, what is 33 - -59?
8c
In base 2, what is -1010101010 - 10?
-1010101100
In base 6, what is -342 + -4?
-350
In base 12, what is 2353 + 3?
2356
In base 12, what is 10 + 9b?
ab
In base 14, what is -10 + -5?
-15
In base 13, what is -b - 22a?
-238
In base 5, what is -11 + -201?
-212
In base 5, what is -10 - 204?
-214
In base 5, what is -2101 + 2?
-2044
In base 2, what is 110010 + 11?
110101
In base 11, what is 774 + 0?
774
In base 12, what is 5 + -a?
-5
In base 6, what is 2 - -115?
121
In base 14, what is 5 + -1a?
-15
In base 15, what is -633 - 1?
-634
In base 12, what is -4b48 + -2?
-4b4a
In base 9, what is -11 - 45?
-56
In base 16, what is -15 - 64?
-79
In base 7, what is 10 + -3130?
-3120
In base 3, what is 0 - 121?
-121
In base 7, what is -340 - 124?
-464
In base 12, what is 4 + ab2?
ab6
In base 2, what is -10101 + 1110110?
1100001
In base 4, what is 1130 + -11?
1113
In base 11, what is 1 - a9?
-a8
In base 15, what is -2 - -254?
252
In base 14, what is cc - 11?
bb
In base 9, what is -776 - -5?
-771
In base 10, what is 30 + 25?
55
In base 4, what is 330323 - 3?
330320
In base 16, what is -e + 1?
-d
In base 8, what is -1 + -12?
-13
In base 12, what is 105 + 12?
117
In base 5, what is 23 - -1?
24
In base 11, what is 60 + 55?
105
In base 2, what is -10 - 11001101?
-11001111
In base 12, what is b - 36?
-27
In base 15, what is 4 + -26?
-22
In base 3, what is -2 + -212222?
-220001
In base 4, what is -11 - 333?
-1010
In base 5, what is -3030 - 10?
-3040
In base 15, what is 228 + -15?
213
In base 10, what is 1438 - 1?
1437
In base 16, what is 4 + 795?
799
In base 10, what is 5 - 99?
-94
In base 12, what is -3 + 59?
56
In base 8, what is 5515 - -14?
5531
In base 6, what is 0 - -152?
152
In base 13, what is -1 - -122?
121
In base 4, what is 32033 + -2?
32031
In base 3, what is -12 - 2101?
-2120
In base 15, what is -46c3 + -5?
-46c8
In base 3, what is -1000 + -10?
-1010
In base 5, what is -14 + 3?
-11
In base 10, what is -10 + -11?
-21
In base 14, what is 0 - 53?
-53
In base 11, what is -3 + -230?
-233
In base 15, what is -35 + 0?
-35
In base 2, what is 1100 - 10110?
-1010
In base 11, what is -47 + 84?
38
In base 9, what is 1120 + 2?
1122
In base 8, what is -1 - 3167?
-3170
In base 8, what is -5 - 23?
-30
In base 15, what is -c - -a?
-2
In base 11, what is 71a1 - -3?
71a4
In base 16, what is -67 - 4?
-6b
In base 14, what is a - -17a?
186
In base 5, what is 100 - 2?
43
In base 5, what is 10 + 12?
22
In base 14, what is 3 + 784?
787
In base 7, what is 0 - -42?
42
In base 7, what is -12023 + -3?
-12026
In base 14, what is 5 + -3?
2
In base 2, what is 10 - 110001001?
-110000111
In base 14, what is 4d + 20?
6d
In base 3, what is -12 + 22121011?
22120222
In base 14, what is 0 + -8c7?
-8c7
In base 13, what is 5 - -1?
6
In base 5, what is -12 + -33410?
-33422
In base 2, what is 110011 - 100011110?
-11101011
In base 12, what is 0 - 125?
-125
In base 9, what is 1032 - -11?
1043
In base 3, what is 110 - -12?
122
In base 2, what is 11000101 + 111?
11001100
In base 8, what is -3 - 4?
-7
In base 15, what is -3 - -599?
596
In base 8, what is -6 + 30?
22
In base 13, what is -1 - -1ba3?
1ba2
In base 10, what is 5 - 27?
-22
In base 14, what is -4 - -34?
30
In base 13, what is -2 - 25?
-27
In base 3, what is -1201012 - -100?
-1200212
In base 14, what is 267 - -5?
26c
In base 12, what is -1158 - 0?
-1158
In base 16, what is 891 + 3?
894
In base 3, what is -1212 + -122?
-2111
In base 11, what is -726 - 6?
-731
In base 9, what is 1 + -26?
-25
In base 5, what is -1 + -3?
-4
In base 6, what is 2 - 1030?
-1024
In base 15, what is -8c + 18?
-74
In base 2, what is 101 - -1001101010001?
1001101010110
In base 15, what is -e + 156?
147
In base 7, what is -1510 + 5?
-1502
In base 6, what is 1224 + 0?
1224
In base 12, what is -46 - 18?
-62
In base 12, what is -b4 + 3?
-b1
In base 15, what is -5c - -1?
-5b
In base 16, what is -da - 0?
-da
In base 8, what is -1362 - 35?
-1417
In base 9, what is 116567 + -4?
116563
In base 13, what is 238 + 3?
23b
In base 3, what is -211 + 100?
-111
In base 3, what is 10 - -2101?
2111
In base 10, what is 34 - -143?
177
In base 6, what is -1 + 4?
3
In base 10, what is -9 - -232?
223
In base 3, what is -21 - -110?
12
In base 7, what is 146 + -12?
134
In base 12, what is -249 + 5?
-244
In base 6, what is -14 + 133?
115
In base 13, what is 5 + -12?
-a
In base 7, what is 6 + -1120?
-1111
In base 7, what is 1050 - 12?
1035
In base 9, what is -12 + -15?
-27
In base 13, what is -200 - -2?
-1cb
In base 5, what is 10 - 31212?
-31202
In base 14, what is -6486 - 2?
-6488
In base 2, what is -10011111 - -10100?
-10001011
In base 8, what is -205 - -3?
-202
In base 4, what is 2 - 213?
-211
In base 3, what is 201020 - 1?
201012
In base 16, what is -d - -36a?
35d
In base 3, what is 221 - 1021?
-100
In base 15, what is 72 - 1?
71
In base 8, what is 23 - -57?
102
In base 5, what is -1 - 234?
-240
In base 2, what is -1001000000011 - 10?
-1001000000101
In base 16, what is 1 + -2e?
-2d
In base 16, what is 2 - bf?
-bd
In base 5, what is -4 - 100?
-104
In base 14, what is -1b + 82?
65
In base 16, what is -12a9 - -2?
-12a7
In base 13, what is -24 - -8?
-19
In base 5, what is -211 + -23?
-234
In base 9, what is 6 - -200?
206
In base 7, what is -4 + -2242?
-2246
In base 4, what is -22330332 + -11?
-22331003
In base 5, what is -42 + 42?
0
In base 15, what is -11dc - -4?
-11d8
In base 4, what is 0 - -1?
1
In base 14, what is 2 + -13?
-11
In base 8, what is -266 + 1?
-265
In base 8, what is -2110 + 1?
-2107
In base 13, what is -635 - 1?
-636
In base 11, what is 2761 + 2?
2763
In base 4, what is -2033 - 102?
-2201
In base 13, what is 3 - -14b?
151
In base 6, what is 43404 + 5?
43413
In base 12, what is -8 + 159?
151
In base 14, what is 6 - 6d?
-67
In base 14, what is 0 + -164?
-164
In base 12, what is -1a - -21?
3
In base 11, what is -4069 - -1?
-4068
In base 7, what is -31 + 302?
241
In base 8, what is 30 - 27?
1
In base 12, what is b69 - -3?
b70
In base 4, what is -20120 - -33?
-20021
In base 9, what is 13 - 116?
-103
In base 5, what is 2002 - -3?
2010
In base 12, what is -5b + 4?
-57
In base 8, what is -4 + -4103?
-4107
In base 12, what is -220 + -a?
-22a
In base 2, what is 10011 - 110100?
-100001
In base 16, what is -2 + -15b?
-15d
In base 8, what is -7 + 1051?
1042
In base 2, what is -101011110 + -100?
-101100010
In base 6, what is 144 - -11?
155
In base 3, what is 21122112 + -2?
21122110
In base 10, what is -25823 - 2?
-25825
In base 5, what is 3102 + -1?
3101
In base 2, what is 10011010001010 + -1?
10011010001001
In base 8, what is 26 + -11?
15
In base 4, what is 22 + 23210?
23232
In base 10, what is -5 + 172?
167
In base 3, what is -2111 + 212?
-1122
In base 11, what is 3 + -384?
-381
In base 13